ulate the remainder when 702 is divided by o.
42
Suppose 5*j = -8*j - 26. What is the remainder when 37 is divided by j/(-20) - 2580/(-200)?
11
Let s(u) = u**3 + 73*u**2 + 561*u + 133. Calculate the remainder when 2196 is divided by s(-64).
10
Let o(q) = -6*q - 54. Let z = -454 - 261. Calculate the remainder when z/(-13) + (-2)/1 is divided by o(-12).
17
Suppose -55 = -3*d + 2. Let r be 28/18*9*(0 - -1). Suppose -102 + 578 = r*g. Calculate the remainder when g is divided by d.
15
Suppose 40 = 2*q - 10. Let t(l) = -l**3 - 15*l**2 - 9. Let o be t(-15). What is the remainder when q is divided by (o/(36/(-32)) - -4) + -3?
7
Let h(w) = w**3 + 34*w**2 - 4*w - 43. Let g be h(-34). Suppose -c + 1949 = 4*l - g, -2*l = c - 1022. Calculate the remainder when l is divided by 64.
62
Suppose -5*p - 6 = -1. What is the remainder when (22/6)/(p/(-3)) is divided by (-126 + 114)*1/(-3)?
3
Let j be 666/8 - 81/(-108). What is the remainder when 229 is divided by (-2)/(-7) - 1084/j*-3?
34
Calculate the remainder when 2963 is divided by (8 - 8) + (-8)/(-2) - -24.
23
Let r = 37 + 112. Calculate the remainder when 1486 is divided by r.
145
Let u(z) = -856*z + 35. What is the remainder when u(-1) is divided by 442?
7
Let v(c) = -c**3 + 7*c - 3. Suppose 31 = a - 5*a + 3*i, 1 = a + i. Let x be v(a). Suppose -2*t = -x - 29. What is the remainder when 92 is divided by t?
30
What is the remainder when ((-385)/(-42))/11 - (-28856)/48 is divided by 38?
32
Let w(g) = 2*g**2 - 34. Let o be w(5). Suppose 2*v - 58 - o = 0. Calculate the remainder when v is divided by 17.
3
Calculate the remainder when 620 is divided by 10656/74 + (1 - 9).
76
Suppose 152 = d - g - 3458, 4*d = -5*g + 14458. Calculate the remainder when d is divided by 1806.
0
Suppose 3*l + 3*a + 120 = 0, -6*a + 64 = -2*l - 4*a. Calculate the remainder when 137 is divided by 5 + 0 + l/(-2).
22
Let y(l) = 3*l**2 - 2*l + 2. Let h be y(2). Suppose -h*j - 1386 = -17*j. Suppose 0 = 4*q - j - 138. Calculate the remainder when q is divided by 11.
7
Suppose f - 2*j - 1 - 6 = 0, 0 = 3*j + 3. Let n be 0/(f/5 + -2). What is the remainder when (-4)/(-5)*210/28 + n is divided by 4?
2
Let j be (34/17)/((-6)/(-825)). Let y = j - 227. Calculate the remainder when 140 is divided by y.
44
Let y = 2615 + -2303. Calculate the remainder when y is divided by 167.
145
Let y(z) = -122*z - 1338. Calculate the remainder when 675 is divided by y(-11).
3
Let u = 4064 - 4040. Calculate the remainder when 5900 is divided by u.
20
Suppose 17*m = 3*m - 12*m + 12974. Calculate the remainder when m is divided by 179.
141
Suppose -5595 = -15*a + 7185. What is the remainder when a is divided by 19?
16
Let m(b) = 1603*b - 9121. What is the remainder when m(6) is divided by -4 + 106 - (-2)/(-1)?
97
Suppose 39 = r - 7. Let p(k) = -2*k**3 + 26*k**2 + 15*k - 13. What is the remainder when p(13) is divided by r?
44
Suppose 903 = 234*b - 237*b. Let l = b - -313. What is the remainder when 34 is divided by l?
10
Let o(k) = k**3 + 26*k**2 - k - 28. Let w be o(-26). What is the remainder when 63 is divided by (-7)/w*(-1560)/(-105)?
11
Let g be 3774/6 - (6 + -1 + 0). Suppose -31*z + g = 21*z. Calculate the remainder when 14 is divided by z.
2
Let i(w) = -18*w**2 - 13*w - 54. Let p(y) = -5*y**2 + y - 1. Let q(a) = -i(a) + 3*p(a). What is the remainder when 71 is divided by q(-3)?
11
Let l be ((-9)/12)/((-3)/(-156)). Calculate the remainder when 49 is divided by (0 - (-5)/(-15))*l.
10
What is the remainder when 4266 is divided by 28/(-140) + (-168)/(-15)?
9
Let i = -205 + 198. Let m(u) = -u**3 + 13*u**2 - 12*u + 18. What is the remainder when ((-36)/i)/((-99)/(-924)) is divided by m(12)?
12
Let p(s) = -4*s**2 + s**3 - 4 - 4*s - 1 + 6. Let z be (-2 + 20)*13/39. What is the remainder when 144 is divided by p(z)?
46
Suppose 3*h - 90 = 231*v - 235*v, 4*h + 5*v = 121. Calculate the remainder when 43 is divided by h.
9
Suppose 0 = j + 3*r + 4139, 0 = j + 9*r - 4*r + 4145. Calculate the remainder when j/(-60) + 2/12 is divided by 6.
3
Suppose 0 = 4*d + y - 43, -3*y = 5*d - 6*y - 58. Suppose d*m + 5 = 38. What is the remainder when 8 is divided by m?
2
Suppose 0 = -2*v + 3*s + 36 + 3, -31 = -3*v - s. Let j = 6 + -7. Let g(q) = -59*q - 3. What is the remainder when g(j) is divided by v?
8
Suppose 0 = 7*t + 1216 - 285. Let n = -124 - t. Calculate the remainder when n is divided by 6.
3
Suppose i + 5*o - 11 = 0, -101 = -19*i + 16*i + 2*o. Let m be 0 + (4 - 2) - -52. Let j = m - i. Calculate the remainder when j is divided by 6.
5
What is the remainder when 275 is divided by 56/(-42)*(3/((-3)/64) + -5)?
91
Let d = -1607 + 1783. Suppose 8*y - 5*y - 155 = 5*z, 0 = 4*y - 2*z - 188. What is the remainder when d is divided by y?
41
Suppose 15*p = 59*p - 44. Calculate the remainder when (-6)/4*304/(-6) is divided by 60/6 - p - -11.
16
Suppose -28*a - 16*a + 134244 = 0. Suppose 4*x + 23*x = a. Calculate the remainder when x is divided by 24.
17
Let h(p) = -15*p - 125. Let s(r) = -23*r - 187. Let k(i) = 8*h(i) - 5*s(i). What is the remainder when 157 is divided by k(-15)?
7
Suppose 18*i - 11144 = -22*i - 16*i. What is the remainder when i is divided by 91?
17
Calculate the remainder when (20 - -190)*(46/30 - 1/3) is divided by 92.
68
Suppose 0 = -27*f + 1503 + 9852 + 24879. Calculate the remainder when f is divided by 45.
37
Let r = 13910 - 11674. Calculate the remainder when r is divided by 281.
269
Let l(k) = 7*k**3 + 32*k**2 - 257*k + 69. What is the remainder when l(6) is divided by 195?
21
Let l be 4 + (3 + -3)*-1. Suppose p = -l + 24. Suppose -p = -a + 22. What is the remainder when a is divided by 15?
12
Let p = -440 - -392. Let b = 14 + -30. Let g = b - p. What is the remainder when g is divided by 12?
8
Let d = -15 - -21. Suppose 0 = 2*q - 38 - d. Let x = 90 + -30. What is the remainder when x is divided by q?
16
Suppose -26 = -7*w - 89. Let t(c) = -c**3 - 9*c**2 - 6*c - 26. Let v = 23 + 88. Calculate the remainder when v is divided by t(w).
27
Calculate the remainder when 366 is divided by (-4 + 644/(-16))*(-16)/6.
12
Let q = 19 + -14. Suppose 0 = 4*w + q*x - 1424, w - 5*x - 343 = -3*x. Calculate the remainder when w is divided by 11.
10
Suppose -9*d + 300 = -3*d. Calculate the remainder when 1046 is divided by d.
46
Suppose 52 = 4*d - 5*y - 127, -4*y - 180 = -4*d. Calculate the remainder when 1195 is divided by d.
45
Let b(k) = 9*k**2 + 5*k + 156. Calculate the remainder when 1128 is divided by b(-7).
4
Calculate the remainder when (-26)/52*(9*-55 + 3) is divided by 62.
60
Let w(s) = 108*s + 332. Let h(l) = 4*l**2 + 2*l. What is the remainder when w(-2) is divided by h(2)?
16
Let w = -13101 - -13142. Let z = 23 - 5. Calculate the remainder when w is divided by z.
5
Suppose 297 = 4*z + c - 218, 0 = 2*z - 3*c - 233. What is the remainder when 10284 is divided by z?
124
Let d = -121 + 125. Suppose -24 = -a - 5*u, -d*a + 1 = 3*u - 61. What is the remainder when 22 is divided by a?
8
Let f(y) = 12*y**2 + y**3 - y + 0*y**2 - 2*y**2 - 2. Calculate the remainder when 13 is divided by f(-10).
5
Let k(x) = -2*x**3 - 30*x**2 + 4*x + 92. What is the remainder when k(-19) is divided by 482?
12
Let f = -27 + 14. What is the remainder when (-5 + (-5 - f))*41 is divided by 27?
15
Let q = 27 - 23. Suppose d - 48 = -q*s - d, 0 = -d - 4. Let p(l) = 12*l + 162. What is the remainder when p(-12) is divided by s?
4
Calculate the remainder when ((-411)/274)/(-1 + 203/206) is divided by 7.
5
Suppose 25 = o + 8*g - 6*g, -32 = -2*o + 5*g. Calculate the remainder when 6/(-4)*804/(-18) is divided by o.
4
Let m = -248 - -251. Suppose -m*b + 102 = 5*n, 0*n = -4*n + 5*b + 89. Calculate the remainder when 71 is divided by n.
8
Let y be (9/6)/(6/20). Suppose n - 19 = y*b, -5*n + 2*b = -0*n - 26. Suppose -129 + 273 = 8*o. Calculate the remainder when o is divided by n.
2
Let i(h) = h**2 - 7*h - 5. Suppose -363 = -3*k - 63. Suppose k = -9*l + 14*l. What is the remainder when i(12) is divided by l?
15
Let g = -260 - -269. Suppose -7*h - 32 = -g*h + 5*f, 4*h = -3*f + 38. Calculate the remainder when 208 is divided by h.
10
Let d(l) = -4*l**3 - 31*l**2 - 10*l - 52. Calculate the remainder when 319 is divided by d(-8).
43
What is the remainder when 78/8*1000/150 is divided by 24?
17
Let h = -307 + 1097. C